 + 1. Suppose -4*s = -5*k + 16 + 9, 15 = 3*k - 3*s. Suppose -21 = k*a + b, 2*b + b - 12 = 0. Let c be 5/(a/2)*-1. What is r(c)?
-11
Let p(j) = -j**2 + 2*j + 0 - 3*j + 1. Suppose -m - 8 = 5*y + 8, -3 = 2*y - 3*m. Calculate p(y).
-5
Let a = 3 - 3. Suppose a = x - 3*x. Let s(i) = 6*i - 21*i**2 + 21*i**2 - 5*i + 1 - i**3. Calculate s(x).
1
Let h(f) = -f**2 + 8*f - 11. Let l = 50 + -41. Give h(l).
-20
Let c be 16 - 0/((-2)/(-1)). Suppose 0 - c = 5*f - 4*y, -12 = -4*f - 3*y. Let g(v) be the second derivative of v**3/6 - v**2 + v. Give g(f).
-2
Suppose 2*q + 4 + 2 = 0. Let h(l) = l**3 + 2*l**2 + 2. Give h(q).
-7
Let y(i) = -2*i. Let h be y(-3). Suppose o = 2*s - 6, 3*s - 3*o = h - 3. Let l(c) = c**2 - 5*c - 1. Calculate l(s).
-1
Let r(l) = -8*l**2 - 2*l - 20. Let d(b) = -3*b**2 - b - 7. Let x(v) = 11*d(v) - 4*r(v). What is x(-4)?
-1
Let o(l) be the first derivative of -l**4/4 - l**3 - 5*l**2/2 - 2*l - 17. Determine o(-3).
13
Let i(q) be the first derivative of 1/2*q**2 - 1/3*q**3 + 2 + q - 1/4*q**4. Give i(0).
1
Let h(c) = -2*c - 2. Let o(r) = -3*r - 3. Let i(w) = -5*h(w) + 3*o(w). Determine i(3).
4
Suppose -o - 5*f = -16, 0 = 5*o - f + 1 - 29. Let j(i) = -4*i**3 - 2*i**2 - 6*i + 7. Let l(h) = -h**3 + h - 1. Let y(r) = o*l(r) + j(r). Calculate y(1).
-11
Let i = -7 - -4. Let f(u) = u**3 + 6*u**2 - 6*u + 4. Let h(x) = x**3 + 5*x**2 - 5*x + 3. Suppose -3*o - 17 + 5 = 0. Let p(s) = o*h(s) + 3*f(s). Determine p(i).
3
Let z = 12 + -10. Let a(x) = 5*x**2 - 12 - 3*x**z + 14 - 3*x**2. Determine a(-3).
-7
Let o(m) = -m**2 + 6*m + 1. Let t be 17 + 3/(-1) - 3. Let n(p) = p**2 - 11*p + 6. Let r be n(t). Give o(r).
1
Let b be 2/8 - (-14)/8. Let z be (-1)/(b - (-15)/(-9)). Let l(f) = f + 1. Let k(o) = 4*o + 10. Let a(w) = z*l(w) + k(w). What is a(-4)?
3
Let c = 29 + -17. Suppose l = -l - c. Let x(g) = -g**2 - 7*g - 8. Give x(l).
-2
Suppose -4*y - y + 5*p = 0, -4*p = 2*y - 18. Let k(q) = -3 + 0 + y - 6*q**2. What is k(-1)?
-6
Let f(d) be the second derivative of -d**4/12 + 4*d**3/3 - 4*d**2 - 28*d - 1. Suppose 53 = 4*n - 2*k + 7*k, 25 = 5*k. Give f(n).
-1
Let l(a) = -4*a**2 + 3*a**2 + 0*a - 5 + 2*a + 2. Let z = 47 - 44. What is l(z)?
-6
Let a(g) = 1 + 9*g**2 + 4 - 9*g + 3*g - 2*g. Let i(c) = -5*c**2 + 4*c - 3. Let l(w) = -3*a(w) - 5*i(w). Suppose -4*t + 4 = -0*t, 5*t = 4*h - 7. Give l(h).
-6
Let j(y) = -6*y**2 + 3*y**2 + 7*y + 26 - 23 + 2*y**2. What is j(6)?
9
Suppose -k = -4*v + 6, -v = -5*v - 5*k + 18. Let p(t) = t**2 + 2*t + 8. Let h(w) = 2*w**2 + 5*w + 17. Let a(y) = 6*h(y) - 13*p(y). Give a(v).
2
Let g(c) be the third derivative of c**5/60 + c**4/6 - c**3/6 + 14*c**2. Give g(-4).
-1
Let m(b) = 14*b - 16*b + 8*b. Let g = 3 + -2. Calculate m(g).
6
Let f(q) be the first derivative of q**2/2 - 2*q + 1. Let r(g) = g + 2. Let x = 8 - 5. Let u be r(x). Give f(u).
3
Suppose 5*n - 7 = 12*n. Let r(o) = o**3 - 2*o**2 - 3*o + 4. Let s be r(3). Let w(x) = 3*x**3 + 4*x**2 - s*x**2. What is w(n)?
-3
Let m be 8 + (-5 - (1 - 3)). Let c(z) = 0*z**3 - z**3 + z**2 + 4*z - m - 4*z. Give c(0).
-5
Let d(w) be the third derivative of -w**4/24 + w**3/6 + 3*w**2. Suppose 0 = 6*t - 9*t - 15. Determine d(t).
6
Let f(b) = 2*b + 0 - 3*b - 2 - 2*b. What is f(2)?
-8
Let s be 2/8 - (-75)/(-360). Let j(w) be the third derivative of 0 + 1/6*w**3 + 3*w**2 - s*w**4 + 0*w. Determine j(0).
1
Let r(g) = 3*g - 6. Let u be r(4). Let p(y) = -15*y - 3. Let o(f) = 7*f + 1. Let b(s) = u*p(s) + 13*o(s). Give b(6).
1
Let q(t) = t**3 - 6*t**2 - 5*t - 11. Let v be q(7). Let a(o) = -o**2 - o - 2. Give a(v).
-14
Let l(s) = -s**2 - 8*s + 5. Suppose 8*r - r + 63 = 0. Give l(r).
-4
Let v(j) = -j**2. Let r(d) = -2*d**2 - d - 1. Let z(x) = 4*r(x) - 9*v(x). What is z(6)?
8
Let s(u) be the second derivative of u**3/2 - 3*u**2 + 2*u. Let w be 11/(-1) - 6/(-3). Let t = 14 + w. Determine s(t).
9
Let k(v) = v**3 - 5*v**2 - 6*v + 1. Let l = -18 + 24. What is k(l)?
1
Suppose -5*z - 8 - 12 = 4*m, -3*m - 15 = 0. Let d(j) = -4*j - 4*j + z*j + j**2 + 8. Let l be d(7). Let u(t) = -6*t + 1. Give u(l).
-5
Let v(p) = -2*p + 2*p - 2*p + 0*p - p**2 + 6. Suppose 20 = -6*d + 2*d. Calculate v(d).
-9
Let f(p) = p**3 + p**2 - 4*p - 3. Let l = 4 + 6. Let t = -12 + l. What is f(t)?
1
Let b be 4/(2 + -4)*1. Let s be (-3)/(-2)*b + 3. Let i(f) = -5*f + 8. Let v(n) = -11*n + 17. Let m(c) = 13*i(c) - 6*v(c). Give m(s).
2
Let l(u) be the first derivative of 4/3*u**3 - u + 2*u**2 + 2 - 1/4*u**4. Give l(5).
-6
Suppose 3*c - 10 = -g - 5, -5 = -g + 2*c. Let f(x) be the third derivative of 0 + 1/60*x**g + 1/2*x**3 + 2*x**2 + 0*x - 1/4*x**4. Determine f(3).
-6
Let q(c) = 4*c**2 + c - 1. Let v = -11 + 16. Suppose v = 2*m + 9. Calculate q(m).
13
Let s(c) be the first derivative of -c**3/3 - c**2/2 + 2*c + 6. Calculate s(2).
-4
Let s(l) be the first derivative of l**3/3 - l**2 - 6*l - 23. Determine s(-5).
29
Let t(s) = s + 2. Let a(g) = g + 1. Let z(r) = -2*a(r) - t(r). What is z(-3)?
5
Let i(p) = 2*p**3 - p + 1. Suppose -3*f + 7 = 2*u + 2*u, -2 = 3*u - 5*f. What is i(u)?
2
Let o(p) = -108*p**3 - 114*p**3 - 11*p**2 + 221*p**3 - 6. Give o(-11).
-6
Let w(n) = -3*n + 0*n**2 + 7 - 15*n**2 + 20*n**2 - n**3. Suppose -4*k - 3*t = -30, 7*k - 2*t - 14 = 4*k. Let d be (-2 + k)*10/8. What is w(d)?
-8
Let x(j) be the third derivative of -j**5/30 - j**4/12 - j**3/3 - 2*j**2. Let r be (-3)/2*(-6 + 2). Let d = r - 8. Give x(d).
-6
Let y(s) = s**3 + 5*s**2 - 5*s + 7. Suppose 3*k - 2*b = k - 2, -17 = 2*k + b. What is y(k)?
1
Suppose 2*t - 3*c = 12, 3*t = -c - 7 + 36. Let u(n) = n**2 - 10*n + 8. Determine u(t).
-1
Let u(s) be the third derivative of -1/24*s**4 + 0*s**3 + 0 + 0*s + 4*s**2. Suppose 4*n + 18 = 2*c, 0 = -4*c - n - 2*n + 14. What is u(c)?
-5
Let c(s) = s**2 - 6*s + 6. Let q be 9/6*(-16)/(-6). Give c(q).
-2
Suppose 18 = -0*j + 2*j. Suppose 6*b + j = 9*b. Let u(m) = -m**2 + 3*m - 3. Give u(b).
-3
Let s(i) be the third derivative of i**5/60 - 5*i**4/24 - i**3/2 - 6*i**2. Calculate s(6).
3
Suppose 2 + 28 = 10*g. Let b(p) = p**3 - p**2 - 2*p - 1. Give b(g).
11
Let q(f) = 3*f**2 + 3*f**2 - 4*f**2 - 4 - 54*f + 56*f. Let n be 6/(1*2)*-1. What is q(n)?
8
Let q(n) = 3*n - 3*n**2 + 0*n**2 - 2*n. Calculate q(-1).
-4
Let k(y) = -y**2. Suppose 3*d - 42 = 4*c + d, -2 = -2*d. Let o = -10 - c. Determine k(o).
0
Let b(h) = -7*h + 2*h + 0*h + h**2 + h - 5. Give b(4).
-5
Let f(g) = g**2 + 2*g - 5. Let j be 14/(-77) - (-42)/(-11). Determine f(j).
3
Let i(n) be the second derivative of n**4/12 - n**2 - 24*n. Determine i(2).
2
Let r(s) = -s**2 - 11*s - 3. Let d(t) = -t**2 - 12*t - 4. Let h(i) = 5*d(i) - 6*r(i). Determine h(-6).
-2
Let m(o) be the first derivative of -o**5/120 + o**4/24 + 4*o**3/3 - 3. Let d(g) be the third derivative of m(g). What is d(-4)?
5
Let r(o) = -o**2 - o. Let v(i) = i + 5. Let t(h) = -h + 1. Let n be t(1). Let m be v(n). Let z = -2 + m. Calculate r(z).
-12
Let a(b) be the first derivative of -b**4/4 + b**2 + b + 6. What is a(3)?
-20
Suppose 0 = -3*y + 2*y + 4. Let f(o) = -17*o + 8. Let a(x) = -6*x + 3. Let h(z) = y*f(z) - 11*a(z). Give h(-3).
5
Let j(f) = 0*f**3 + 2*f - f**2 - f**2 - f**3. Let d be ((-2)/(-6))/(2/12). Let s be (-1)/d + 5/(-2). Give j(s).
3
Let m(o) be the first derivative of -17*o**3/3 - 25. What is m(1)?
-17
Let i = -3 - -3. Let a(r) = -3*r**2 + 5*r + 9. Let s(j) = -j**2 + 2*j + 3. Let f(m) = 3*a(m) - 8*s(m). Determine f(i).
3
Let c(j) be the first derivative of -j**2 + 2*j - 7. Determine c(2).
-2
Let z(n) be the first derivative of -n**3/3 + 3*n**2 - 6*n - 25. Calculate z(5).
-1
Let o(w) = w**2 - 2*w - 3. Let p(m) = 2*m**2 - 2*m - 4. Let f(d) = 3*o(d) - 2*p(d). Let l be ((-12)/15)/((-6)/(-15)). Determine f(l).
-1
Suppose n = -3*n - 12. Let t(a) = 4 - 33*a**2 - 5 + 31*a**2 - 4*a. What is t(n)?
-7
Let j = 9 + 1. Suppose c + n = 6*n + j, n = -1. Let y(k) = -2 - 3*k + 3 + c*k**2 + 2*k. Determine y(1).
5
Let y(j) = -j**2 + 7*j - 4. Let m(q) = 2*q**2 - 8*q + 4. Let n(l) = -2*m(l) - 3*y(l). Calculate n(-5).
4
Suppose 0*o = 4*o + 24. Let i(g) = -g**2 - 4*g + 2. Give i(o).
-10
Let d(i) = -i**2 + 2 + 5*i**2 - 9*i - 4*i**2 + i**2. Give d(9).
2
Suppose 22 = -3*k + 1. Let y(f) = -f + 3. Let w(g) = g + 1. Let c(x) = -2*w(x) - y(x). What is c(k)?
2
Let z(c) = -c**2 + 5*c + 9. Let u be 32/8 - 3/(-1). What is z(u)?
-5
Suppose s = 5*s, -4*i = s + 16. Le